 1 - (15 - 20))
23
Evaluate 20 - (30 + -24 + -20 - 0).
34
Evaluate -2 + 18 + (-34 - (-22 - -28)).
-24
-59 + (10 - (28 - 0)) - (8 - 3 - -6)
-88
(-480 - -500) + (-48 - 2)
-30
What is (1 - (-15 - -8)) + (2 - (11 - 15) - 39)?
-25
Evaluate -109 - (76 + -19 + -111).
-55
What is the value of 147 + (-54 - -13) + -42?
64
(-3 - 6 - (-24 - -8)) + -10 + 33
30
What is the value of (159 - (-9 + 103)) + -32?
33
-3 + -2 + (-3 + (0 - 8) - (33 - 32))
-17
What is the value of (-104 - -54 - -86) + -29?
7
What is -56 + -1 + (-31 - (-10 - -11) - (-72 + 47))?
-64
What is the value of 0 + (-10 - -30) + (24 - -29)?
73
What is the value of (0 - -60 - (466 + -450)) + (-10 - -6 - -5)?
45
Evaluate -14 - (-5793 - -5776 - ((1 - 0) + -57)).
-53
Calculate -48 + (20 - (-4 + 5 + -6 + 12)).
-35
What is (-44 - -45) + (2 + 3 - 18)?
-12
0 - ((-19 - -11) + -13)
21
6 - -1 - (7 - (34 + -46))
-12
Evaluate 8 + 28 + 60 + -147.
-51
Evaluate 15 - (142 - 161 - (-24 - -7 - -6)).
23
Evaluate (156 - (-79 - -170)) + -1 + 2.
66
-2 + ((-7 - -1) + 4 - (-5 + -15 + 18))
-2
Calculate (15 + -45 - -19) + 7 + -37 + -5 + -11.
-57
4 + -4 + -141 + 120
-21
Calculate -13 - (99 + 28 - 20 - 29).
-91
-68 - (20 - 53 - (-6 - 13) - -28)
-82
Evaluate 7 - 26 - (15 + 4 - -4).
-42
Calculate -1 + -38 - (96 - 11 - 84).
-40
What is the value of 131 + -58 + -90 - (-3 + (38 - 1))?
-51
Evaluate 10 - (-24 - (-16 + 3 + 6)).
27
What is (0 - 31 - 1) + (-604 - -673)?
37
What is (-39 - -43) + -122 + 85?
-33
Evaluate (-11 - 1) + (-684 - -673 - (1 + -3)).
-21
What is the value of -92 - -69 - (69 - -2)?
-94
Calculate 1 + 41 + (292 - 322).
12
Evaluate 4 + -15 + 21 + -33 + -10 + -93.
-126
Calculate -14 + ((2 - -6 - 5) + -4 - 7).
-22
Calculate 4 + 75 + (56 - (-26 + 62)).
99
What is -18 - ((33 - (43 + 1)) + -9)?
2
Evaluate -3400 + 3422 - (-4 + -15 + (-1 - -4)).
38
What is (-4 - (2 + -4)) + 87 + -88 + (59 - 4)?
52
What is the value of (-1 + 17 - -5) + 2 - 43 - -98?
78
-26 + 15 + 44 + -52
-19
What is the value of -46 + (-28 - -5) + 38 + 2?
-29
What is the value of 17 - (-2 - -14 - (16 + 1 - (190 - 171)))?
3
Evaluate 53 + (-15 - 53) + -63.
-78
What is the value of 94 + (-134 - -37) - -49?
46
What is the value of (107 - 69) + -92 + 109?
55
-32 + 3 - (-2781 - -2839)
-87
What is the value of 1 + (-35 - (-94 + 52))?
8
What is the value of -23 + 77 + 1 + -78 + 65?
42
What is the value of 51 + (15 - (3 + 39 - 7)) + -7?
24
Calculate (-34 - 2) + (19 - 30) + 14 + 13.
-20
Calculate 24 + -2 - (64 + 19 + -57 + 66).
-70
Evaluate (4 + (2 - 3) - 57) + (-642 - -640).
-56
(-6 - 139) + 56 - -20
-69
What is the value of (7 - 64 - -48) + -33?
-42
112 + (-160 - -78) - (16 + 2)
12
(-30 + 5 - 12) + (4 - (0 + 1 + 2))
-36
Calculate -58 - (-13 + (1 - -7) - (5 + 1) - -1).
-48
5 + -20 + -24 + 52 + (-2 - (-1 + 65))
-53
Calculate -182 - -56 - -77 - -84.
35
What is the value of (11 - (-6 + 15)) + -1 + -4 + -31 + -17?
-51
What is -10 + -1 - (-3095 - -3100)?
-16
What is 0 + 0 + -9 + (8 - 4) + 5 - 1?
-1
What is 16 - (-27 - -13) - 47?
-17
What is the value of -43 - (37 - (7 - -39 - 6))?
-40
What is -26 - (0 - 2) - (24915 - 24876)?
-63
-2 - (1 + 3) - (12 - (39 - (15 + 0)))
6
What is 1 + 33 + (174 - (278 - 128))?
58
What is the value of -44 - (10 - (5 + 8 + 1))?
-40
What is 0 - -14 - (105 + -189 + 94) - (-1 - 10)?
15
What is (5 - (12 - (27 - 11))) + -35 + 5?
-21
What is the value of -24 + 61 - (-18 + (39 - 7))?
23
Evaluate -47 + (-66 - (35 + -65)) + 72.
-11
Calculate 11 - ((17 - 20 - (4 + 2)) + 23).
-3
What is (9 - 89 - -39) + 43?
2
What is the value of (117 + -318 - -112) + 24?
-65
What is (7 - 25) + (87 + -160 - (5 - 25))?
-71
Calculate 0 + -43 - (-1 - (-30 + (15 - 25) + 25)).
-57
Calculate 4 + 2 + (9 - 11 - ((57 - 4) + -1)).
-48
39 - (42 + 7 + -38 - 3)
31
Calculate (8 - 1) + -7 - (11 - (9 + -17 - -14)).
-5
What is the value of (-8 - 45) + 142 - (17 + -2) - -19?
93
Calculate (7 - (15 + -6)) + 55 - (11 - 9).
51
Calculate -130 + (-93 - -166) + -4.
-61
-19 + 64 + 2 + 3
50
10 + 53 + -38 + -12 + -3 + -5
5
What is the value of 11 + -56 + 4 + 6 + -12?
-47
-101 + (58 - (52 - 8) - (-4 - -18))
-101
What is the value of (3 - 57) + (559 - 468)?
37
What is the value of -124 + 148 - (49 - (-25 + 12))?
-38
What is the value of 0 - 3 - (85 - 46 - 38)?
-4
Calculate -26 + 49 + 11 + -1 + -59.
-26
Calculate 23 + (27 - (53 + -34)).
31
What is the value of -2 + -42 + (-965 - -1016)?
7
What is the value of 2 + (-16 - 23) + (4 - 15) - (1 - 2)?
-47
What is 0 + -59 + (795 - 798)?
-62
What is 16 + 35 + -54 + -4 + -51?
-58
What is the value of (-27 - (0 - 2)) + (-247 - -264)?
-8
What is (175 - 175) + (9 - -1) - (-1 + -32)?
43
Calculate -15 + (21 - 3) + -11 + -2 + -4.
-14
What is the value of 100 + 8 - ((32 - -9) + -53 - (-18 + -1))?
101
Calculate (53 + -102 - -59) + (0 - -21).
31
5 - ((1 - -7 - 13) + -37) - 1
46
What is 3 - (78 - -2) - (-1 - 10 - (-75 + 68))?
-73
What is -2 + -53 + (-9 - -1) + (31 - 92) + 64?
-60
(-9 - 13 - -36) + 7 + -1
20
What is the value of (1 - -9) + -50 + 48 + -9?
-1
Calculate -24 + 67 + 9 + -27.
25
Calculate (-12 + 23 - -6) + (13 + (0 - 4) - 6).
20
What is the value of (-8 + -11 - (-50 - -60)) + -17?
-46
What is 463 + -467 + 1 + -16 - (-3 - -19)?
-35
Evaluate 114 + -26 - 36 - 63.
-11
18 + (-51 - -172) + -85
54
Evaluate (-66 - (18 + -93) - (0 - -4)) + 101.
106
Evaluate -28 + 0 - -1 - (-40 + 47 + 10).
-44
Calculate (-10 + (-4 - -13) - -5 - 13) + 23.
14
What is ((5 - -3) + -8 - 4) + 4 + 8 + 113?
121
Evaluate -25 + 0 - (2313 - 2318).
-20
16 - (-72 + 62 + 10)
16
Evaluate 2 - (-5 + 9) - (25 - (21 - -10)).
4
Evaluate -1 - 8 - (-1579 - -1608).
-38
Evaluate (179 - 57) + -47 + -16 + 34.
93
Evaluate -52 - 33 - -26 - -48.
-11
1 + -5 + -22 + (8 - 3) - -137
116
What is the value of 0 + (76 - 31 - 64) + (14 - 2 - 3)?
-10
What is the value of 24 - (35 + 22 + -25)?
-8
Evaluate (36 - -29) + -27 + -33.
5
What is the value of 3 + -5 + 19 + -24 + 4 + 59?
56
What is the value of -1 - 1 - -12 - (148 - (19 + 69))?
-50
Calculate -87 - 2 - ((-34 - (30 + -38)) + 24).
-87
Evaluate 0 + -13 + 480 + -437.
30
Calculate 1 + -16 + (0 - 1) - (-1332 + 1338).
-22
10 - -21 - (8 + 0 + -12 + 8)
27
1 - (3 - 6) - (48 - 7 - 30)
-7
Calculate -1235 + 1219 + (5 - 3).
-14
What is the value of -2 - (65 + 11 + -20) - (-5 - (-2 + -6))?
-61
What is -4 - (41 - 45) - (1 - (0 - -1)) - 61?
-61
What is the value of 34 + -55 + 58 + -66?
-29
Calculate -17 - (83 - (-54 + 85)).
-69
44 + -46 + (8 - -5) + (0 - (-2 - 31))
44
Calculate 8 + -5 - -16 - (-37 - -22 - -14).
20
What is -71 + 79 - (5 - -32)?
-29
What is the value of (-64 - -138) + (-6 + -1 - (31 - 4 - 24))?
64
Calculate -24 - (26 - (69 - 26)) - -42.
35
What is the value of 8 - ((-6 - (6 - 8)) + (0 - (10 + -3)))?
19
What is the value of 50 + -1 - (214 + -174) - (-88 - 1)?
98
Evaluate 19 + (0 - (-50 - -31)) + -2.
36
What is the value of 6 - 21 - (12 - 19) - -18?
10
Evaluate 85 + -122 + -77 - -17.
-97
Evaluate (1 + -5 - (-14 - (94 - (-20 - -23)))) + 2.
103
What is the value of -8 + 21 + -14 + -19 + 47?
27
(24 - (-17 + -6 - -42)) + (-58 - -4)
-49
Calculate (18 + -42 - -95) + -12.
59
What is (10 - 10) + 2 + -2 + (9 - 7) + -36?
-34
Evaluate (-61 - -59) + 8 + 65.
71
Evaluate -2 + (58 - (9 - 11)) + (-88 - -103).
73
What is (4 - (2 + -48 - 4) - (-104 - -99)) + 9?
68
What is -8 - ((3 - 3 - (-2 - -6)) + (3 - 59))?
52
(-51 - -31 - (30 - -2)) + -3 + 12
-43
Calculate -9 + -48 + (49 - 8).
-16
What is the value of -2 + (11 + -20 + 11 - -1) + 13?
14
What is the value of (-28 - (15 + 23)) + 29?
-37
What is the value of -32 + (27 - 17) + (8 - 2) + 94?
78
What is -79 - ((-3 - -5) + (119 - 108))?
-92
What is the value of (-9 - (-2 - -14 - (56 - 44))) + (21 - 2)?
10
-26 - (-10 + (19 - -2) + -124)
87
What is the value of -7 + -6 - (217 + -209)?
-21
Calculate -12 - (30 + (-51 - -34)).
-25
-34 - (62 - 134) - 20
18
Calculate 7 + -1 - (-217 + 184) - (0 + -7 + 1).
45
What is the value of -60 - (9 - (31 + 10))?
-28
Calculate -40 - (-75 - -39) - -7.
3
Calculate 12 + (1 + -7 + (-46 - -79) - -2 - -10).
51
(8 - 0) + (-2 - 2 - -6) + 1117 + -1090
37
Evaluate (-2 - (1 + -2) - (-261 + 256) - 4) + -54.
-54
What is 38 + (-4 - 8) + -60?
-34
What is -1 + (30 - (8 + -17 + -4)) + 10?
52
Evaluate (950 - 877) + (3 - -10).
86
Evaluate (919 - 889) + (-1 - -13).
42
What is the value of (1 - -13) + -90 + 32 + 48 + (-113 - -